hat is the greatest common divisor of d and o?
18
Let u(f) = f**3 + 12*f**2 + 10*f - 7. Let s be u(-11). Suppose l - s*l = 3. Let q = 37 + l. What is the greatest common factor of 9 and q?
9
Let f = -288 - -299. What is the greatest common factor of f and 88?
11
Let n(u) = -u + 1. Let a be n(7). Let v be 29/87 + (-130)/a. Calculate the greatest common divisor of 121 and v.
11
Let p(z) = -z**2 + 4. Let i be p(0). Suppose -835 - 177 = -i*f. Suppose -14*o + 90 = -10*o - 2*a, o - a = 22. Calculate the greatest common factor of o and f.
23
Suppose -7*r = 7*r - 126. Let h be (1 - (0 - 0)) + 2. Calculate the highest common divisor of r and h.
3
Let a(b) = -14*b + 105. Let j be a(7). What is the highest common factor of j and 231?
7
Let u(p) = 2*p**2 - 56*p + 52. Let t be u(28). What is the greatest common factor of 13 and t?
13
Suppose 0 = -0*w - 5*w + 80. Let j = w + -9. Suppose 0 = -j*z + 3*z - 4*k + 48, -z + k = -4. Calculate the highest common divisor of z and 24.
8
Suppose 0 = 8*f - 4*f + 56. Let z = 29 + f. Suppose -5*r = -z, 30 = -m + 5*m + 2*r. What is the highest common factor of m and 24?
6
Let h be (52/(-8))/13*-64. What is the greatest common factor of h and 8?
8
Let c = 4 + 0. Suppose -9 = -c*x - 1. Suppose z - 91 = x*h, -2*z + 5*z - 4*h = 263. What is the highest common factor of z and 9?
9
Let h be (4*1/(-5))/((-5)/450). Let l = 30 - 12. What is the highest common divisor of l and h?
18
Let g be 1/(1/2) + -2. Let s be (-3)/(-2 - (-1 + g)). Let d be (-30)/5*(-1 - 7/2). What is the highest common factor of d and s?
3
Let b(i) = i**2 + 8*i - 13. Let j be b(-10). Suppose 157 - 59 = 2*a. What is the highest common divisor of j and a?
7
Let w be 16/(-6)*(-10)/(120/18). Let y be (-90)/(w/(-22) + 20/(-11)). Suppose -5*v + 5 + 85 = 0. What is the greatest common divisor of y and v?
9
Let t = -341 + 353. What is the highest common factor of t and 2?
2
Let g be (-26)/(-39) - 2/(-6). Let f be 8 + g/(3/(-6)). What is the highest common factor of f and 2?
2
Let x be (-1)/((-4)/(-308)) + -3. Let n = 135 + x. Let j = 81 - n. What is the highest common divisor of 26 and j?
26
Let s = -7 - -12. Suppose -2*v + 13 = -j + 4, 4*v - 39 = -s*j. Let q = 13 - 4. Calculate the greatest common divisor of q and v.
3
Let y be -2 + (-319)/(-3) + (-2)/(-3). Suppose 6*v - 3 = y. What is the highest common factor of v and 6?
6
Let t be -15*(-4)/3 + 4. What is the greatest common divisor of 1032 and t?
24
Suppose 948*k - 240 = 940*k. What is the highest common factor of k and 174?
6
Let w = 77 - 52. Suppose 30 = 8*i - 10. Calculate the highest common divisor of i and w.
5
Let i = -23 + 27. Suppose -i*g - 18 = -34. Suppose 0 = -z - 2*z + 84. Calculate the greatest common divisor of g and z.
4
Let v be ((-6)/9 - 0)*-36. Calculate the highest common factor of 32 and v.
8
Let a = -569 - -659. Calculate the greatest common factor of 160 and a.
10
Suppose 3*g = -4*i + 450, -33*i = -35*i + g + 220. Calculate the highest common factor of i and 37.
37
Let q be 9296/(-36) - 4/(-18). Suppose 0*j = 2*j + 324. Let x = j - q. Calculate the highest common factor of 12 and x.
12
Let q(u) = -u - 1. Let c be q(-7). Suppose 0 = 59*b - 60*b + 42. Calculate the highest common factor of b and c.
6
Let u = 71 - 8. Suppose 0*o + 4*o = 84. Suppose h + 2*h = o. What is the greatest common divisor of u and h?
7
Let g be 644/21*(-6)/4. Let w be (g/(-6) - -1)*(-6)/(-4). What is the highest common factor of 104 and w?
13
Suppose -398 = -5*q + 97. Suppose -q = -7*w - 8. Calculate the highest common divisor of w and 104.
13
Suppose -13*y = -29 - 166. Suppose -2*l + 11 = 5. Calculate the highest common factor of l and y.
3
Suppose 5*d + 17 = -18. Let u be (-40)/(-60) + d/(-3). Let a(m) = -2*m + 2. Let b be a(-2). What is the greatest common factor of b and u?
3
Let p = -381 + 561. Suppose o - 4*j = p, -5*o - j = 2*j - 1015. What is the highest common factor of o and 25?
25
Let h(n) = 3*n + 10. Let t be h(10). Let d = -383 - -399. Calculate the highest common divisor of d and t.
8
Let b(y) = 26*y**3 + y**2 + y - 1. Let o be 1 + 2/(-2) - -1. Let d be b(o). Suppose 0 = 21*n - 20*n - d. Calculate the highest common factor of n and 297.
27
Let i = -32 + 52. Suppose -2*u + 3*b - 48 = -7*u, -2*b + i = 2*u. What is the highest common factor of 99 and u?
9
Let m(o) = o + 5. Suppose 6*l - 11*l = -10. Let s be m(l). What is the highest common divisor of s and 1?
1
Let a = -434 - -614. What is the greatest common factor of 20 and a?
20
Let l = -225 - -227. Calculate the greatest common factor of l and 50.
2
Let d(f) = 1. Let k(r) = -3*r + 26. Let q(z) = -d(z) + k(z). Let g be q(-15). Calculate the greatest common divisor of 20 and g.
10
Suppose 0 = 3*d - 8*d + 4*t + 6113, -4*d + t + 4886 = 0. What is the highest common divisor of 11 and d?
11
Let r(y) = 18*y + 2. Let j be r(6). Let m be ((-5104)/580)/((-1)/10*2). What is the highest common factor of j and m?
22
Let n be 144/((-6)/(-2))*1. Suppose m = -3*m - n. Let a = 18 - m. Calculate the highest common divisor of 270 and a.
30
Suppose 0 = 4*s + s - 340. Let v = 8 + 21. Let n = -12 + v. Calculate the highest common factor of s and n.
17
Let h = 697 - 432. Suppose -4*y = -5*t + 338, -h = 2*t - 6*t + 5*y. What is the greatest common divisor of t and 28?
14
Suppose 3*j - 21 = -h, -h = 2*j + h - 14. Let d(t) = 8*t + 8. Let f be d(j). Calculate the highest common factor of f and 8.
8
Suppose -u + 142 = -3*w, -15*u + 18*u + 2*w - 437 = 0. Calculate the greatest common divisor of 20 and u.
5
Suppose -6*o - 3*m + 8726 = -o, 5*o = 5*m + 8710. What is the highest common divisor of o and 109?
109
Suppose -h + 3 = k - 0*h, -3*k = 2*h - 7. Calculate the highest common divisor of k and 4.
1
Let w(r) = -12*r + 5. Let j be w(-2). Calculate the greatest common factor of j and 377.
29
Suppose -29*r = n - 28*r - 39, 0 = 3*n - 3*r - 135. What is the highest common factor of n and 28?
14
Let u(g) be the third derivative of g**6/120 + g**5/20 - g**4/24 - g**3/6 + 4*g**2. Let x be u(-3). What is the highest common divisor of x and 6?
2
Let x be (7 - 1)/(7/35). What is the highest common divisor of x and 114?
6
Let d be (-6)/21 - 180/7. Let r be (d + 12)/((-2)/4). Calculate the greatest common divisor of 7 and r.
7
Let t be 2/(-1 + (-2)/(-3)). Let y(z) = -4*z - 14. Let o be y(t). Calculate the greatest common divisor of o and 4.
2
Let o be (-54)/(-648) + 1366/24. Calculate the greatest common divisor of o and 57.
57
Let o be (-63)/(3/(-12)*-6). Let c = -24 - o. Let j = 76 + -22. What is the greatest common factor of c and j?
18
Suppose 0 = -8*h + 4*h + 20. Suppose h*a + 16 = 2*y + a, 0 = 2*y + 2*a + 8. Suppose -n + 3*n - 32 = y. Calculate the greatest common factor of n and 32.
16
Suppose 5*z + 37 = 4*d, -4*z = -5*d - 13 + 66. Let t be 60/2*227/(-3). Let q be 1/5 - t/25. What is the greatest common divisor of d and q?
13
Let d(b) = 101*b + 441. Let j be d(0). What is the greatest common divisor of 98 and j?
49
Let s(t) = -3*t - 3. Let b be s(-5). Let a = b + -8. Let z be (2 - 1)*(a - 1). What is the greatest common factor of 3 and z?
3
Let m be 1/(-4) + 26/8. Suppose 4*k - 2 = m*k. Let z be k/(-8) - (-314)/8. Calculate the highest common factor of 26 and z.
13
Let k(z) = z**3 + 5*z**2 + 2*z - 3. Let d = -6 - -3. Let n be k(d). Let j be n/(-18)*80/(-2). What is the highest common divisor of j and 140?
20
Let h = -12 - -23. Suppose 116 - h = 3*d. Calculate the highest common factor of 7 and d.
7
Let y = 33 + -19. Let s(b) = 5*b**2 - 7*b + 4. Let u = 17 + -13. Let t be s(u). What is the highest common factor of y and t?
14
Suppose 3*d + j - 89 = -0*j, 127 = 4*d + 3*j. Let q = 125 + d. Calculate the greatest common divisor of 9 and q.
9
Suppose -4*k - 7*m = -8*m - 76, -5*k + m = -96. Calculate the highest common divisor of k and 445.
5
Let s = -5 - -7. Suppose 0 = 2*j + 25 - 53. Calculate the highest common factor of j and s.
2
Suppose 13*t - 16*t = 0. Suppose 6*x - x - 35 = t. Suppose -2*y - 5*i - x - 12 = 0, -4*y + 22 = -2*i. Calculate the highest common factor of 3 and y.
3
Let u be (-5990)/(-6) + 30/18. What is the greatest common divisor of 8 and u?
8
Let q(b) = 2*b + 2*b + b + 2 + 2*b. Let f be q(6). Let n = 16 + f. Calculate the greatest common divisor of 15 and n.
15
Suppose -5